{"id":171,"date":"2021-03-12T09:27:39","date_gmt":"2021-03-12T09:27:39","guid":{"rendered":"https:\/\/projecteauschwitz.amical-mauthausen.org\/testimonis\/marcel%c2%b7li-garriga-cristia\/"},"modified":"2023-10-11T09:27:54","modified_gmt":"2023-10-11T09:27:54","slug":"anette-florentin-cabelli","status":"publish","type":"testimonis","link":"https:\/\/projecteauschwitz.amical-mauthausen.org\/es\/testimonis\/anette-florentin-cabelli\/","title":{"rendered":"ANETTE FLORENT\u00cdN CABELLI"},"content":{"rendered":"<p>Anette naci\u00f3 en Sal\u00f3nica, Grecia, el 25 de abril de 1925.<\/p>\n<p>Sefard\u00ed deportada a<strong> Auschwitz<\/strong> en 1942, con el n\u00famero 4065, ten\u00eda 17 a\u00f1os.\u00a0 Su madre fue asesinada en la c\u00e1mara de gas.\u00a0 Evacuada en una de las \u201cMarchas de la muerte\u201d lleg\u00f3 a Ravensbr\u00fcck y a Malchow.\u00a0 Tras su liberaci\u00f3n se instal\u00f3 en Niza donde se cas\u00f3.\u00a0 Recuper\u00f3 la nacionalidad espa\u00f1ola en el a\u00f1o 2017.<\/p>\n<p>Tenemos el testimonio de su participaci\u00f3n en una de las Marchas de la muerte\u00a0 y de su liberaci\u00f3n, recogido por diferentes medios de comunicaci\u00f3n tras su participaci\u00f3n en un acto en el Centro Sefarad-Israel de Madrid el 21 de enero del 2020.<\/p>\n<p><em>Anduvimos por la nieve.\u00a0 Sin pan. Pasamos la frontera sin dormir. Si no caminabas venia la SS, te tiraba al suelo y te disparaba.\u00a0 M\u00e1s del 50% de los deportados murieron&#8230; Despu\u00e9s de cuatro d\u00edas llegamos a Ravensbr\u00fcck, un campo peque\u00f1o donde apenas hab\u00eda comida. No se puede explicar el sufrimiento del cuerpo, sin poder comer y muertos de frio.\u00a0 Cuando llegaba la sopa era como una guerra&#8230; Cuando salimos de all\u00ed, caminamos y vimos un pueblo donde en las calles hab\u00eda monta\u00f1as de armes.\u00a0 Eran de los alemanes que las hab\u00edan dejado para vestirse de civiles. Una ma\u00f1ana (<\/em>en Malchow) <em>al despertar descubrimos que los guardias nazis hab\u00edan desaparecido.\u00a0 \u00c9ramos libres.<\/em><\/p>\n","protected":false},"featured_media":0,"template":"","class_list":["post-171","testimonis","type-testimonis","status-publish","hentry"],"acf":[],"_links":{"self":[{"href":"https:\/\/projecteauschwitz.amical-mauthausen.org\/es\/wp-json\/wp\/v2\/testimonis\/171","targetHints":{"allow":["GET"]}}],"collection":[{"href":"https:\/\/projecteauschwitz.amical-mauthausen.org\/es\/wp-json\/wp\/v2\/testimonis"}],"about":[{"href":"https:\/\/projecteauschwitz.amical-mauthausen.org\/es\/wp-json\/wp\/v2\/types\/testimonis"}],"wp:attachment":[{"href":"https:\/\/projecteauschwitz.amical-mauthausen.org\/es\/wp-json\/wp\/v2\/media?parent=171"}],"curies":[{"name":"wp","href":"https:\/\/api.w.org\/{rel}","templated":true}]}}

ANETTE FLORENTÍN CABELLI

<p>Anette nació en Salónica, Grecia, el 25 de abril de 1925.</p>
<p>Sefardí deportada a<strong> Auschwitz</strong> en 1942, con el número 4065, tenía 17 años.  Su madre fue asesinada en la cámara de gas.  Evacuada en una de las “Marchas de la muerte” llegó a Ravensbrück y a Malchow.  Tras su liberación se instaló en Niza donde se casó.  Recuperó la nacionalidad española en el año 2017.</p>
<p>Tenemos el testimonio de su participación en una de las Marchas de la muerte  y de su liberación, recogido por diferentes medios de comunicación tras su participación en un acto en el Centro Sefarad-Israel de Madrid el 21 de enero del 2020.</p>
<p><em>Anduvimos por la nieve.  Sin pan. Pasamos la frontera sin dormir. Si no caminabas venia la SS, te tiraba al suelo y te disparaba.  Más del 50% de los deportados murieron&#8230; Después de cuatro días llegamos a Ravensbrück, un campo pequeño donde apenas había comida. No se puede explicar el sufrimiento del cuerpo, sin poder comer y muertos de frio.  Cuando llegaba la sopa era como una guerra&#8230; Cuando salimos de allí, caminamos y vimos un pueblo donde en las calles había montañas de armes.  Eran de los alemanes que las habían dejado para vestirse de civiles. Una mañana (</em>en Malchow) <em>al despertar descubrimos que los guardias nazis habían desaparecido.  Éramos libres.</em></p>
